{"id":2540,"date":"2024-08-02T14:19:18","date_gmt":"2024-08-02T14:19:18","guid":{"rendered":"https:\/\/douxpavillon.fr\/?page_id=2540"},"modified":"2025-04-12T13:48:03","modified_gmt":"2025-04-12T13:48:03","slug":"conditions-generales-de-vente","status":"publish","type":"page","link":"https:\/\/douxpavillon.fr\/es\/conditions-generales-de-vente\/","title":{"rendered":"conditions g\u00e9n\u00e9rales de vente"},"content":{"rendered":"<div data-elementor-type=\"wp-post\" data-elementor-id=\"2540\" class=\"elementor elementor-2540\">\n\t\t\t\t<div class=\"elementor-element elementor-element-gPn6TMh1 e-con-full   e-flex e-con e-parent\" data-id=\"gPn6TMh1\" data-element_type=\"container\" data-e-type=\"container\" data-settings=\"{&quot;background_background&quot;:&quot;classic&quot;}\">\n\t\t\t\t<div class=\"elementor-element elementor-element-M8ac1Fzo elementor-widget__width-initial elementor-widget-mobile__width-inherit   elementor-widget elementor-widget-text-editor\" data-id=\"M8ac1Fzo\" data-element_type=\"widget\" data-e-type=\"widget\" data-widget_type=\"text-editor.default\">\n\t\t\t\t<div class=\"elementor-widget-container\">\n\t\t\t\t\t\t\t\t\t<h2 style=\"font-family: 'libre baskerville'; font-size: 3.75rem; line-height: 1.133em; color: #967d48; text-align: center;\">CONDICIONES <strong style=\"font-weight: bold;\"> CONDICIONES GENERALES DE VENTA<\/strong><\/h2><div><strong style=\"font-weight: bold;\"><br><\/strong><\/div>\n<p style=\"font-weight: bold; font-style: italic;\">Fecha de la \u00faltima actualizaci\u00f3n: 12\/04\/2025<\/p><p style=\"font-weight: bold; font-style: italic;\"><br><\/p>\n<p><strong>1 - Objetivo<\/strong><\/p>\n<p>Las presentes Condiciones Generales de Venta (CGV) rigen todas las reservas efectuadas en nuestro sitio web de alquileres de corta duraci\u00f3n. Al reservar un alojamiento en nuestro sitio web, usted acepta sin reservas estas condiciones.<\/p><p><br><\/p>\n<p><strong>2 - Reserva y pago<\/strong><\/p>\n<p>Las reservas se hacen efectivas en cuanto se efect\u00faan.<\/p><p><br><\/p>\n<p><strong>3 - Anulaci\u00f3n<\/strong><\/p>\n<p>Puede cambiar o cancelar su reserva sin cargo alguno hasta 5 d\u00edas antes de la fecha de llegada.<\/p>\n<p>Transcurrido este plazo, la reserva no ser\u00e1 reembolsable.<\/p>\n<p>Todas las cancelaciones deber\u00e1n notificarse por escrito a la siguiente direcci\u00f3n: contact@douxpavillon.fr.<\/p><p><br><\/p>\n<p><strong>4 - Llegada y salida<\/strong><\/p>\n<p>El alojamiento est\u00e1 disponible a partir de las 17.00 horas del d\u00eda de llegada y debe quedar libre antes de las 11.00 horas del d\u00eda de salida.<\/p><p><br><\/p>\n<p><strong>5 - Uso de los locales<\/strong><\/p>\n<p>El inquilino se compromete a utilizar los locales de forma pac\u00edfica y a respetar a los vecinos. Cualquier molestia causada a los vecinos podr\u00e1 dar lugar a la rescisi\u00f3n inmediata del alquiler sin derecho a reembolso.<\/p><p><br><\/p>\n<p><strong>6 - Fianza<\/strong><\/p>\n<p>Se abonar\u00e1 un dep\u00f3sito mediante preautorizaci\u00f3n bancaria antes de su llegada. Este procedimiento no supone un cargo inmediato en su cuenta, pero algunos bancos pueden bloquear este importe para comprobar la disponibilidad de fondos. La fianza se reembolsar\u00e1 en un plazo de 7 d\u00edas a partir de su salida, siempre que no se haya producido ning\u00fan da\u00f1o.<\/p><p><br><\/p>\n<p><strong>7 - Responsabilidad civil<\/strong><\/p>\n<p>No aceptamos ninguna responsabilidad por robo, p\u00e9rdida o da\u00f1os a las pertenencias personales del arrendatario. El arrendatario es responsable de cualquier da\u00f1o causado por \u00e9l mismo o sus acompa\u00f1antes durante el periodo de alquiler.<\/p><p><br><\/p>\n<p><strong>8 - Litigios<\/strong><\/p>\n<p>Cualquier litigio relativo a la ejecuci\u00f3n o interpretaci\u00f3n de las presentes CGV se someter\u00e1 al tribunal competente del lugar del inmueble arrendado.<\/p>\t\t\t\t\t\t\t\t<\/div>\n\t\t\t\t<\/div>\n\t\t<div class=\"elementor-element elementor-element-HoyqruNn e-con-full   e-flex e-con e-child\" data-id=\"HoyqruNn\" data-element_type=\"container\" data-e-type=\"container\">\n\t\t\t\t<\/div>\n\t\t\t\t<\/div>\n\t\t\t\t<\/div>","protected":false},"excerpt":{"rendered":"<p>CONDITIONS G\u00c9N\u00c9RALES DE VENTE Date de derni\u00e8re mise \u00e0 jour : 12\/04\/2025 1 &#8211; Objet Les pr\u00e9sentes Conditions G\u00e9n\u00e9rales de Vente (CGV) r\u00e9gissent toutes les r\u00e9servations effectu\u00e9es sur notre site de location courte dur\u00e9e. En r\u00e9servant un logement sur notre site, vous acceptez sans r\u00e9serve les pr\u00e9sentes CGV. 2 &#8211; R\u00e9servation et Paiement La r\u00e9servation [&hellip;]<\/p>\n","protected":false},"author":0,"featured_media":0,"parent":0,"menu_order":0,"comment_status":"closed","ping_status":"draft","template":"elementor_header_footer","meta":{"inline_featured_image":false,"two_page_speed":[],"footnotes":""},"class_list":["post-2540","page","type-page","status-publish","hentry"],"_links":{"self":[{"href":"https:\/\/douxpavillon.fr\/es\/wp-json\/wp\/v2\/pages\/2540","targetHints":{"allow":["GET"]}}],"collection":[{"href":"https:\/\/douxpavillon.fr\/es\/wp-json\/wp\/v2\/pages"}],"about":[{"href":"https:\/\/douxpavillon.fr\/es\/wp-json\/wp\/v2\/types\/page"}],"replies":[{"embeddable":true,"href":"https:\/\/douxpavillon.fr\/es\/wp-json\/wp\/v2\/comments?post=2540"}],"version-history":[{"count":0,"href":"https:\/\/douxpavillon.fr\/es\/wp-json\/wp\/v2\/pages\/2540\/revisions"}],"wp:attachment":[{"href":"https:\/\/douxpavillon.fr\/es\/wp-json\/wp\/v2\/media?parent=2540"}],"curies":[{"name":"wp","href":"https:\/\/api.w.org\/{rel}","templated":true}]}}

conditions générales de vente

<div data-elementor-type="wp-post" data-elementor-id="2540" class="elementor elementor-2540">
				<div class="elementor-element elementor-element-gPn6TMh1 e-con-full   e-flex e-con e-parent" data-id="gPn6TMh1" data-element_type="container" data-e-type="container" data-settings="{&quot;background_background&quot;:&quot;classic&quot;}">
				<div class="elementor-element elementor-element-M8ac1Fzo elementor-widget__width-initial elementor-widget-mobile__width-inherit   elementor-widget elementor-widget-text-editor" data-id="M8ac1Fzo" data-element_type="widget" data-e-type="widget" data-widget_type="text-editor.default">
				<div class="elementor-widget-container">
									<h2 style="font-family: 'libre baskerville'; font-size: 3.75rem; line-height: 1.133em; color: #967d48; text-align: center;">CONDICIONES <strong style="font-weight: bold;"> CONDICIONES GENERALES DE VENTA</strong></h2><div><strong style="font-weight: bold;"><br></strong></div>
<p style="font-weight: bold; font-style: italic;">Fecha de la última actualización: 12/04/2025</p><p style="font-weight: bold; font-style: italic;"><br></p>
<p><strong>1 - Objetivo</strong></p>
<p>Las presentes Condiciones Generales de Venta (CGV) rigen todas las reservas efectuadas en nuestro sitio web de alquileres de corta duración. Al reservar un alojamiento en nuestro sitio web, usted acepta sin reservas estas condiciones.</p><p><br></p>
<p><strong>2 - Reserva y pago</strong></p>
<p>Las reservas se hacen efectivas en cuanto se efectúan.</p><p><br></p>
<p><strong>3 - Anulación</strong></p>
<p>Puede cambiar o cancelar su reserva sin cargo alguno hasta 5 días antes de la fecha de llegada.</p>
<p>Transcurrido este plazo, la reserva no será reembolsable.</p>
<p>Todas las cancelaciones deberán notificarse por escrito a la siguiente dirección: contact@douxpavillon.fr.</p><p><br></p>
<p><strong>4 - Llegada y salida</strong></p>
<p>El alojamiento está disponible a partir de las 17.00 horas del día de llegada y debe quedar libre antes de las 11.00 horas del día de salida.</p><p><br></p>
<p><strong>5 - Uso de los locales</strong></p>
<p>El inquilino se compromete a utilizar los locales de forma pacífica y a respetar a los vecinos. Cualquier molestia causada a los vecinos podrá dar lugar a la rescisión inmediata del alquiler sin derecho a reembolso.</p><p><br></p>
<p><strong>6 - Fianza</strong></p>
<p>Se abonará un depósito mediante preautorización bancaria antes de su llegada. Este procedimiento no supone un cargo inmediato en su cuenta, pero algunos bancos pueden bloquear este importe para comprobar la disponibilidad de fondos. La fianza se reembolsará en un plazo de 7 días a partir de su salida, siempre que no se haya producido ningún daño.</p><p><br></p>
<p><strong>7 - Responsabilidad civil</strong></p>
<p>No aceptamos ninguna responsabilidad por robo, pérdida o daños a las pertenencias personales del arrendatario. El arrendatario es responsable de cualquier daño causado por él mismo o sus acompañantes durante el periodo de alquiler.</p><p><br></p>
<p><strong>8 - Litigios</strong></p>
<p>Cualquier litigio relativo a la ejecución o interpretación de las presentes CGV se someterá al tribunal competente del lugar del inmueble arrendado.</p>								</div>
				</div>
		<div class="elementor-element elementor-element-HoyqruNn e-con-full   e-flex e-con e-child" data-id="HoyqruNn" data-element_type="container" data-e-type="container">
				</div>
				</div>
				</div>

<p>CONDITIONS GÉNÉRALES DE VENTE Date de dernière mise à jour : 12/04/2025 1 &#8211; Objet Les présentes Conditions Générales de Vente (CGV) régissent toutes les réservations effectuées sur notre site de location courte durée. En réservant un logement sur notre site, vous acceptez sans réserve les présentes CGV. 2 &#8211; Réservation et Paiement La réservation [&hellip;]</p>
